?
468d
In base 8, what is -566 + 5030?
4242
In base 6, what is -155011 - -5?
-155002
In base 12, what is -48a + -623?
-ab1
In base 2, what is 10101 - 10011111101001?
-10011111010100
In base 7, what is 35465 - 604?
34561
In base 4, what is 2201 - -10111?
12312
In base 12, what is 8895 - -5?
889a
In base 14, what is 650 - -8c0?
1130
In base 11, what is 5 + 147270?
147275
In base 7, what is 3346 + 544?
4223
In base 4, what is -2110132 + 32?
-2110100
In base 12, what is 2 + 97b2?
97b4
In base 2, what is 1001011110001000 - 0?
1001011110001000
In base 2, what is 111101 - -10011001001?
10100000110
In base 13, what is -96b + 29?
-942
In base 14, what is 3b56 + -41?
3b15
In base 3, what is 0 - 1012112221021?
-1012112221021
In base 8, what is -15 - -36466?
36451
In base 14, what is -93 - -179?
c6
In base 11, what is -1070 - -21?
-104a
In base 13, what is -3 + 4aa07?
4aa04
In base 8, what is -461 - 1550?
-2231
In base 6, what is 3 - -304004?
304011
In base 10, what is -197 - -4069?
3872
In base 3, what is -1110210 - 210200?
-2021110
In base 13, what is 1a1 + -83?
11b
In base 15, what is b + -14d6?
-14ca
In base 2, what is 11 + 110111100101110?
110111100110001
In base 6, what is 140052 + -3?
140045
In base 11, what is -16a5158 - -1?
-16a5157
In base 7, what is 42242 + -25?
42214
In base 6, what is -2 + 2400044?
2400042
In base 14, what is -75d - 434?
-b93
In base 13, what is -69ab90 - -3?
-69ab8a
In base 3, what is 120010 - -12102?
202112
In base 8, what is -1716 + -67?
-2005
In base 12, what is 10 - -48367?
48377
In base 7, what is 56522 + 13?
56535
In base 9, what is 3456 - 30?
3426
In base 2, what is -10 + 10011101101000111?
10011101101000101
In base 14, what is 26560 - 0?
26560
In base 7, what is 2105560 - 2?
2105555
In base 11, what is a340a5 - 5?
a340a0
In base 10, what is -77 + 0?
-77
In base 14, what is 27c6 - -31?
2817
In base 9, what is 3143 - 11?
3132
In base 12, what is -5200 - 8?
-5208
In base 9, what is 5 + -13555?
-13550
In base 9, what is -1 + -2815?
-2816
In base 3, what is -2 - 121201102?
-121201111
In base 2, what is -1011 - 110010001011000?
-110010001100011
In base 13, what is 417 + 580?
997
In base 14, what is 432450 + 0?
432450
In base 13, what is 3 - -1525?
1528
In base 15, what is 36 + -109?
-c3
In base 14, what is b8 + 182d?
1907
In base 3, what is -12 + 1112121212?
1112121200
In base 15, what is 396dc + -1?
396db
In base 3, what is -201211211 + -11?
-201211222
In base 15, what is 1 + 169b3?
169b4
In base 3, what is 10212121221 - -200?
10212122121
In base 2, what is -100 - -101010110011100011000?
101010110011100010100
In base 13, what is -5 + -21b4c?
-21b54
In base 8, what is 4362 - 510?
3652
In base 9, what is -7823 + -17?
-7841
In base 4, what is 2 - -213220130?
213220132
In base 6, what is 2113 - -3?
2120
In base 13, what is -5 - -66cba?
66cb5
In base 11, what is a + -17a9?
-179a
In base 15, what is -47bd0 - -1?
-47bce
In base 14, what is -2b - -24c6?
2499
In base 15, what is 1ad - 9d?
110
In base 4, what is -221 - -102012?
101131
In base 4, what is -10 + 33311110?
33311100
In base 11, what is -241 + -13009?
-1324a
In base 5, what is -23 + 10232404?
10232331
In base 14, what is -51c3 - 158?
-533b
In base 6, what is 3 + 41145?
41152
In base 2, what is 1000001 - 11111110?
-10111101
In base 6, what is -10321 - -2522?
-3355
In base 11, what is 4 - 4a448?
-4a444
In base 10, what is 5 + -105282?
-105277
In base 8, what is 30361 - -4?
30365
In base 11, what is -1 + -24404?
-24405
In base 9, what is -15 + 22640?
22624
In base 10, what is 5696144 - -1?
5696145
In base 5, what is -1330 + -20?
-1400
In base 6, what is -1113445 + -4?
-1113453
In base 11, what is 96 + -30?
66
In base 16, what is -3 - -1c747?
1c744
In base 13, what is 9 - -23b8c?
23b98
In base 5, what is -211 + -340?
-1101
In base 2, what is 100 + 10101110100110?
10101110101010
In base 5, what is 1012 + -20132?
-14120
In base 14, what is 61 - 1ba6?
-1b45
In base 4, what is 1110 - -32100301?
32102011
In base 7, what is -212 + -30?
-242
In base 16, what is 12aac6 - -4?
12aaca
In base 9, what is 478 - -14518?
15107
In base 6, what is -100025 - -512?
-55113
In base 3, what is 10 - 2020?
-2010
In base 2, what is -111011101011 + 0?
-111011101011
In base 2, what is -100110101011 + -1110011?
-101000011110
In base 4, what is -23013023 + -1100?
-23020123
In base 12, what is a01 - -34?
a35
In base 12, what is 26443 - 0?
26443
In base 16, what is -ae2 - 0?
-ae2
In base 4, what is -1112 + 11023022?
11021310
In base 8, what is -122 + 325?
203
In base 13, what is 6 + a11ca?
a1203
In base 7, what is -1034 + -1306?
-2343
In base 4, what is -3211 + 32233?
23022
In base 4, what is 11 + 1312221?
1312232
In base 5, what is 12211 + 22?
12233
In base 6, what is -11 + -233130?
-233141
In base 11, what is 145 - 480?
-336
In base 13, what is -1 + 4511?
4510
In base 7, what is -4 - -32125?
32121
In base 15, what is -7c - 45b2?
-463e
In base 15, what is -e - -3bc?
3ad
In base 13, what is a17b - 11?
a16a
In base 3, what is 222121 + -1?
222120
In base 5, what is 2 + -244021?
-244014
In base 7, what is -25 + 2146?
2121
In base 13, what is 15 + 2aa9?
2ac1
In base 10, what is 128 - 427?
-299
In base 2, what is -11111010001101001101 + -100?
-11111010001101010001
In base 11, what is 339 + 880?
1109
In base 14, what is -368a3 + 2?
-368a1
In base 13, what is 2 + -123b52?
-123b50
In base 13, what is 0 - -839b?
839b
In base 3, what is 2 - 220102?
-220100
In base 10, what is 25 - 2038?
-2013
In base 7, what is 2512 + -106?
2403
In base 6, what is -1032031 - -354?
-1031233
In base 11, what is 5 + -109a42?
-109a38
In base 2, what is -111 + -111101001001011?
-111101001010010
In base 6, what is 142 - -534?
1120
In base 9, what is -4873256 - 1?
-4873257
In base 10, what is -566257 + -3?
-566260
In base 5, what is -1043 - 2331?
-3424
In base 3, what is 2100 + -20212012?
-20202212
In base 7, what is -1026 - 113331?
-114360
In base 14, what is 11 + -44cb9?
-44ca8
In base 2, what is 1010101011100100 - 10?
1010101011100010
In base 4, what is 10 + 1023211231?
1023211301
In base 7, what is 420 + -20525?
-20105
In base 16, what is 2 + 55a7?
55a9
In base 10, what is -27 - 31662?
-31689
In base 11, what is -3aa0a6 + 0?
-3aa0a6
In base 11, what is 3 + 113154?
113157
In base 4, what is 22 + -2332133?
-2332111
In base 8, what is 56232063 - -4?
56232067
In base 13, what is 15b - 1645?
-14b7
In base 4, what is -130 - -1031123?
1030333
In base 11, what is 41a + -6?
414
In base 10, what is 158746 + 5?
158751
In base 13, what is 10749 + 36?
10782
In base 15, what is -2 - e5e8?
-e5ea
In base 16, what is 29e6 + 0?
29e6
In base 11, what is 1637 + -6?
1631
In base 16, what is -9da6 + -e?
-9db4
In base 4, what is -102132 + -3?
-102201
In base 12, what is 1290a3 - -8?
1290ab
In base 13, what is -94 - -345?
281
In base 2, what is -10101100011010010001 - 101?
-10101100011010010110
In base 10, what is -57 + -2023?
-2080
In base 4, what is 1111021 - -11?
1111032
In base 11, what is 3 - -10506?
10509
In base 16, what is 6278 - 1?
6277
In base 6, what is 341 + 1323?
2104
In base 7, what is -15 - 32213?
-32231
In base 10, what is -320 - -878?
558
In base 4, what is 0 + 10013231?
10013231
In base 2, what is 10 - -1011001010111010?
1011001010111100
In base 15, what is 2bd47 - 2?
2bd45
In base 10, what is -63364 + 0?
-63364
In base 6, what is -45542 + -1?
-45543
In base 16, what is 0 + -62f6?
-62f6
In base 10, what is 2 + 78088?
78090
In base 11, what is 9a929 - 2?
9a927
In base 3, what is 22200020111 - -1?
22200020112
In base 5, what is 1410 - 4111?
-2201
In base 9, what is -1 - 114410?
-114411
In base 14, what is -11a - -d?
-10b
In base 13, what is -c0b9 + -19?
-c105
In base 4, what is 111320300 - -3?
111320303
In base 8, what is 4 + 1160360?
1160364
In base 16, what is 71d7 + -5?
71d2
In base 16, what is 8663 + -4c?
8617
In base 12, what is 71b - 0?
71b
In base 2, what is -1000011101101011 + -11110?
-1000011110001001
In base 6, what is -114032110 - -5?
-114032101
In base 14, what is -2 - -1d64?
1d62
In base 16, what is 5 + 3717?
371c
In base 3, what is 1020212222 - -221?
1020220220
In base 3, what is 101011 + -101012?
-1
In base 12, what is -9a98 - -7?
-9a91
In base 16, what is f + 25bf?
25ce
In base 5, what is 20 + 21142?
21212
In base 7, what